
Let l(a) = -1082*a**3 - 2*a**2 - a + 1. What is the units digit of l(-1)?
2
Suppose b = -5, 29*k - 1407 = 28*k - b. What is the thousands digit of k?
1
Let c(i) be the second derivative of i**3/6 + 25*i**2/2 + 11*i. What is the units digit of c(-16)?
9
Suppose -24 = -2*s + 34. Let u = s + -7. Suppose 4*j - 86 = -u. What is the units digit of j?
6
Suppose 3*r + 4*w - 199 = 0, r + 3 = -4*w + 56. Let p = r - 35. What is the units digit of p?
8
Suppose 6726 - 1966 = 7*p. What is the hundreds digit of p?
6
Let n(t) = t**2 - 14*t + 3. Let a be n(6). Let k = -11 - a. What is the tens digit of k?
3
Let i(z) = -1 + 13 - 8 - 6 + 21*z**2 + 10*z. What is the hundreds digit of i(2)?
1
Let m(v) be the third derivative of -27*v**4/8 - v**3/6 - 4*v**2. Let z be m(-2). Suppose -y - 157 = -5*g, 6*g - 3*y - z = g. What is the units digit of g?
1
Let a(b) = 4*b**2 - 6*b - 9. Let t be 2 + 104/(-28) - (-4)/(-14). What is the units digit of a(t)?
9
Let q be 156/(-8)*((-80)/6)/(-4). Let t = q + 96. What is the tens digit of t?
3
Suppose 2026 = 19*s - 24479. What is the tens digit of s?
9
Let d = -118 - -254. Suppose 32*n - d = 30*n. What is the units digit of n?
8
What is the hundreds digit of (-920)/(1 + -3) - (3 - 8)?
4
Let h = -21 + 133. What is the tens digit of h?
1
Let p be ((-20)/(-70))/(1/7). Let g(k) = 10*k - 4 - 22 + 3 + 5*k**2 - 4*k**p. What is the units digit of g(-12)?
1
Suppose 10*z = 107*z - 247447. What is the tens digit of z?
5
Suppose -4*v = -2*w - 4562, 4*v = -w + 4164 + 383. What is the tens digit of v?
3
Suppose 4*o + 31 - 7 = u, 4*u + 4*o = -4. What is the hundreds digit of (u/(-10))/(5/(-1450))?
1
Let g(f) = 30*f**2 - 41*f + 369. What is the tens digit of g(8)?
6
Suppose 3*h - 2*h = -2*s + 2669, -2*s + 3*h = -2689. What is the thousands digit of s?
1
Let u(z) = z**3 - z**2 - 7*z. Let h be u(3). Let b be h/(-6)*2 - 4. What is the units digit of (2/(-5))/(b/240)?
2
Let f = -1051 + 1529. What is the hundreds digit of f?
4
What is the units digit of (0/9)/(-1) - -346?
6
Let n(k) = -11 - 6 + 1 - 6 - 13*k. What is the units digit of n(-6)?
6
What is the units digit of 4/(-18) - (-61677)/891?
9
Let l(w) = 5*w**2 + 12*w + 7. Let x be l(-5). Let c = 119 - x. What is the units digit of c?
7
What is the tens digit of (322/(-4))/(3/(-18))?
8
Suppose -104 = 4*c + 3*g - 6878, -2*g = -4. What is the hundreds digit of c?
6
Let i(q) = q + 10. Let p be i(-5). Suppose 6*m + 3*o = p*m + 144, -o = -2*m + 316. What is the units digit of m?
6
Let g = 12 - 10. Let l(z) = -5*z - z + 2*z**2 - g*z. What is the units digit of l(5)?
0
What is the hundreds digit of 4614/14 + 60/(-105)?
3
Let q(n) = -n**2. Let o be 22/99 + (-4)/18. Let m be q(o). Suppose m = 2*j - 33 - 9. What is the units digit of j?
1
Let c = -210 + 302. What is the units digit of c?
2
Suppose 0*i = 2*i + 4. Let m be -2*1/(i/5). Suppose -2*h = m*y - 33, 3*h - 1 = 3*y + 80. What is the tens digit of h?
2
Suppose -2*p - 42060 = -14*p. What is the hundreds digit of p?
5
Let t(v) = -v**3 - 15*v**2 - 14*v + 26. What is the tens digit of t(-16)?
0
Suppose 3*n + n = 0. Suppose 3*i + i - 364 = n. Let z = i + -62. What is the units digit of z?
9
Let i = -10 + 14. Suppose -3*b + 4*z = -261, 6*b + i*z - 467 = b. What is the tens digit of b?
9
Let d be ((-6)/4)/(-1) - (-5)/2. Suppose -3*r = -4*y - r + 362, r - 371 = -d*y. What is the units digit of y?
2
Let u(d) be the third derivative of -d**4/2 - d**3 - 22*d**2. What is the hundreds digit of u(-9)?
1
Let h be -2 - (-1 + (-1)/1). Suppose h = -t - 4*j - 2, -5*t + j = 31. What is the tens digit of (60/(-25))/(t/45)?
1
Let h(b) = -b**3 + 11*b**2 + 2*b + 11. Let u be h(9). Let t = -136 + u. What is the units digit of t?
5
Suppose 2*b = -3*k + 9, -3*b + 0*b - 5*k = -15. Suppose h - 1 = -b. What is the units digit of (16/3)/(h/3)?
6
Let v(q) be the second derivative of q**5/60 - q**4/8 - q**2/2 - 4*q. Let g(m) be the first derivative of v(m). What is the units digit of g(4)?
4
Let b = -242 + 382. Let v = -82 + b. What is the tens digit of v?
5
Let t = -1275 + 2244. What is the units digit of t?
9
Suppose 697*v = 690*v + 16891. What is the hundreds digit of v?
4
Suppose 96*s - 109*s + 13754 = 0. What is the thousands digit of s?
1
Suppose 5*a + 4*g - 4213 = 0, -g + 3372 = 4*a + 3*g. What is the units digit of a?
1
Suppose 3*x - 4*o - 535 = 0, 93 = -5*x - 3*o + 975. Suppose -l = 4*j - 0*l - x, -j + 40 = -4*l. What is the tens digit of j?
4
Let y = 67 - 70. Let t(d) = -52*d - 9. What is the tens digit of t(y)?
4
Let x(k) be the second derivative of -k**5/20 + k**4/3 - 2*k**3/3 + 4*k. Let b be x(3). Let q(w) = -2*w**3 - 3*w**2 + 2*w - 2. What is the tens digit of q(b)?
1
Suppose -2*s - 4*l = -844, 0*s + l - 850 = -2*s. What is the hundreds digit of s?
4
Let v = 48 + 483. What is the hundreds digit of v?
5
Let p(j) = -5*j - 26. Let r be p(-6). What is the units digit of (-11 - r)/((-3)/10*1)?
0
Suppose 0 = -3*b + 4*x + x + 26, 3*b + 2*x + 2 = 0. Suppose b*y - 7*y = -110. Suppose -3*s + 112 = c, -s + 8 = 4*c - y. What is the tens digit of s?
3
Let f be ((-12)/26)/3 + 56/26. Suppose 4*v - 2*a = -3*a + 105, -10 = -f*a. What is the tens digit of v?
2
Suppose 5*r - 4 = -3*h + 7*h, 2*r = 0. Let y(k) = -70*k + 1. What is the tens digit of y(h)?
7
Let z(y) = 5*y + 26. Let m be z(-6). What is the units digit of -3*(616/3)/m?
4
Let f(a) = 1. Let q(v) = -v**3 + 14*v**2 + 15*v + 20. Let d(t) = 2*f(t) + q(t). Let c be (-468)/(-30) + (0 - (-3)/(-5)). What is the units digit of d(c)?
2
Suppose 0 = -5*o + 450 + 3085. What is the tens digit of o?
0
Let q be (-2)/(4/(-390)) - 4. Suppose 4*c + 252 = 3*v, 3*c - q = -2*v - 2*c. What is the tens digit of v?
8
Let s(y) = y**2 - 37*y - 95. What is the units digit of s(-14)?
9
Let i = 1721 + -873. What is the hundreds digit of i?
8
Suppose 4*n = f - 201, 663 = 3*f + 5*n - 2*n. What is the tens digit of f?
1
Let c(b) = b**3 + 30*b**2 - 32*b + 291. What is the thousands digit of c(-24)?
4
Suppose -4*s + z + 1229 = 0, 7*z - 5*z - 1214 = -4*s. What is the tens digit of s?
0
Suppose i + c = 4384, -74*i + 72*i + 3*c = -8788. What is the units digit of i?
8
Let g = 57 + -53. What is the tens digit of (-97 + g + -1)/(-2)?
4
What is the hundreds digit of (9/3)/((-3)/(-173))?
1
What is the units digit of (95/38)/(1/526)?
5
Suppose -69 + 23 = 2*i + 2*a, 25 = -i - 3*a. Let d = -23 - i. What is the tens digit of (3 - (-60)/(-3))*d?
1
What is the thousands digit of 2/((-48)/9896)*-3?
1
Let z = -215 - -204. Suppose 2*n - 99 = 5*d, 4*d = 5*n - d - 210. Let v = n + z. What is the tens digit of v?
2
Suppose -5*a = 2*o - 440, a + 4*o - 36 = 52. Let l be (1 - 7)*a/(-33). Let t = 19 + l. What is the tens digit of t?
3
Let h(w) = w**2 + 6*w - 3. Let y be h(-3). Let s be ((-104)/y)/(2/24). Suppose -5*k + j = -136 + 15, -s = -4*k - j. What is the units digit of k?
5
Let w = -3099 + 8934. What is the tens digit of w?
3
Let m = -4 - -3. Let v(n) = -5*n + 9*n + 26*n**2 - 1 - 3*n + 36*n**2. What is the tens digit of v(m)?
6
Let b(m) = -m**3 - 7*m**2 - 7*m - 1. Let i be b(-6). Let k = i - 1. Suppose 0*z - z - 14 = k*o, 0 = 4*z + 4*o - 4. What is the units digit of z?
6
Let y = -97 - -95. What is the hundreds digit of 2/7 + (1998/(-7))/y?
1
What is the tens digit of 113 + 656 + -1*4?
6
Suppose -2*p - 2*g = 2*g - 4, 14 = -p + 2*g. Let a(r) = -6*r + 8. Let s(d) = -2*d + 3. Let w(c) = -5*a(c) + 16*s(c). What is the tens digit of w(p)?
2
Suppose 15*h = 6*h + 1224. What is the hundreds digit of h?
1
Let o be (-412)/(-34) + (-2)/17. Suppose -3*a + a + o = 0. What is the units digit of 254/6 - a/(-9)?
3
Suppose 0 = 25*b - 47*b + 108504. What is the thousands digit of b?
4
Let q(x) = -x + 2. Let f be q(8). Let j = 8 + f. What is the units digit of (-10)/((-1)/j - 0)?
0
Let g be 55/22*(-34)/(-5). Let m = g + -15. What is the tens digit of (-2 - (-64)/1)/m?
3
Let d(p) = 13*p**3 - p**2 - 8*p + 13. What is the units digit of d(7)?
7
Suppose 5*s + 2 + 8 = 0. Let c(m) = -5*m - 5. Let z be c(s). Suppose -4*h + 0 = -8, 3*i - z*h = 41. What is the units digit of i?
7
Suppose 93*s + 1267 = 100*s. What is the hundreds digit of s?
1
Suppose -3*y = -y - 4*n - 12, -2*n = 4*y + 16. What is the tens digit of (y + 1)*(-14 + (-12)/3)?
1
Suppose -11*m = 21 - 76. Suppose -11 + 3 = -2*c. Let x = m + c. W